e 6, what is 2424440 - 1?
2424435
In base 14, what is -2 + -3285?
-3287
In base 10, what is 5 + -12272?
-12267
In base 11, what is 32 + a070?
a0a2
In base 12, what is -7a + 8?
-72
In base 10, what is 38585 - -4?
38589
In base 8, what is 121416 - -2?
121420
In base 11, what is -8 + 8183?
8176
In base 11, what is -437 - 114?
-550
In base 5, what is -211232 - 40?
-211322
In base 15, what is -653 + -17?
-66a
In base 16, what is 48e - 4d?
441
In base 13, what is -236 + -2?
-238
In base 10, what is -5 + 9055?
9050
In base 12, what is 51aa8b1 + 1?
51aa8b2
In base 13, what is -2a8565 - 2?
-2a8567
In base 9, what is -11431878 - 4?
-11431883
In base 9, what is 5 + 2388?
2404
In base 13, what is 4aa8 + 2?
4aaa
In base 15, what is 6 + -5a08?
-5a02
In base 7, what is 20226603 + -5?
20226565
In base 12, what is -1a081 + -20?
-1a0a1
In base 9, what is 3123 + 118?
3242
In base 16, what is -17f - 62?
-1e1
In base 14, what is -1375 - -19b?
-11b8
In base 3, what is -112111 - 1112?
-121000
In base 3, what is 21002 + -2211?
11021
In base 10, what is 4702 + 12?
4714
In base 10, what is -4 - -11582?
11578
In base 16, what is -5 - -238?
233
In base 13, what is c + 11156?
11165
In base 11, what is 17a331 + 4?
17a335
In base 5, what is 1133 + 1230?
2413
In base 13, what is 56a6 + 1?
56a7
In base 4, what is 110200033 - -332?
110201031
In base 2, what is -11100 - -1011000001?
1010100101
In base 11, what is -18 + -598?
-605
In base 11, what is -105 - 46?
-150
In base 7, what is 26 - 326402?
-326343
In base 16, what is -3e + 1cf6?
1cb8
In base 5, what is -4344 + -433324?
-443223
In base 13, what is -8c5c9 - 3?
-8c5cc
In base 6, what is 12 - 115052?
-115040
In base 4, what is 110232 - 3232?
101000
In base 14, what is -2c152 - -3?
-2c14d
In base 9, what is -41611 - 16?
-41627
In base 8, what is 1332221 - 4?
1332215
In base 5, what is -2314 + 2021?
-243
In base 9, what is -1 - 12802?
-12803
In base 11, what is 792 - -4?
796
In base 16, what is 3 + 2e?
31
In base 15, what is -4 - -83d?
839
In base 7, what is 1 + -15253?
-15252
In base 5, what is -133 - -4023?
3340
In base 4, what is 31 + 20302?
20333
In base 10, what is 64 - 155?
-91
In base 15, what is 0 + 2d28?
2d28
In base 4, what is 1100 - 10330?
-3230
In base 15, what is 3 - -4b1c?
4b20
In base 12, what is -385 - -24?
-361
In base 11, what is -3 - -31020?
31018
In base 8, what is 4 + -1223764?
-1223760
In base 9, what is -23862415 - -3?
-23862412
In base 6, what is -3 + -441213?
-441220
In base 2, what is -1000110110 - -10000001000?
111010010
In base 12, what is 4 - -93bb?
9403
In base 16, what is 55 - -3bc?
411
In base 5, what is -22 - 1032300?
-1032322
In base 2, what is 10101 + 10010101010000?
10010101100101
In base 13, what is -59c2 + 4?
-59bb
In base 9, what is 4805 + 1?
4806
In base 15, what is -2 - d33e?
-d341
In base 5, what is 14231423 - 14?
14231404
In base 14, what is -3 - -122749?
122746
In base 9, what is -42 - 3847?
-4000
In base 13, what is 93 - -1aa0?
1b63
In base 2, what is -110100111010 + 10001?
-110100101001
In base 8, what is -3 + -416264?
-416267
In base 11, what is -1a0 - -1108?
a18
In base 3, what is -11 + -2020202210020?
-2020202210101
In base 14, what is 131b - 152?
11a9
In base 4, what is 233 - -310231?
311130
In base 4, what is 31003013101 + -11?
31003013030
In base 6, what is -234 + -5?
-243
In base 14, what is 114 - 15?
dd
In base 10, what is -36184 - -11?
-36173
In base 5, what is -413 + -121200?
-122113
In base 7, what is -5 + 4305114?
4305106
In base 9, what is -6 - 466?
-473
In base 3, what is -22000221 + 201?
-22000020
In base 16, what is 575 - 4?
571
In base 14, what is -7 + 3c69?
3c62
In base 5, what is 43 - 112444?
-112401
In base 3, what is -1201 + 101222?
100021
In base 10, what is 1 - 851610?
-851609
In base 13, what is -a06 + 457?
-57c
In base 4, what is -331 - -20021?
13030
In base 5, what is 2130123 - 133?
2124440
In base 12, what is 127 - -1001?
1128
In base 9, what is 60 - 15424?
-15354
In base 6, what is -2000 + -310?
-2310
In base 12, what is 74 - -1404?
1478
In base 5, what is -3 + -112102202?
-112102210
In base 7, what is -5 + -30305?
-30313
In base 10, what is -57 - 311?
-368
In base 3, what is -11 - 10210221121?
-10210221202
In base 13, what is -142 + -11a?
-25c
In base 4, what is 0 - -2323231?
2323231
In base 9, what is 4 - -433?
437
In base 8, what is -47461 - -1?
-47460
In base 3, what is 120211121021202 - 11?
120211121021121
In base 3, what is 11011221220 - 10?
11011221210
In base 16, what is -b + -437?
-442
In base 13, what is 394c - 39?
3913
In base 5, what is -422022 - 312?
-422334
In base 2, what is -1011001000 - 11?
-1011001011
In base 9, what is 2 - 57304?
-57302
In base 9, what is -74878 + 0?
-74878
In base 11, what is 8 + -25870?
-25863
In base 12, what is -16 - -a7ba?
a7a4
In base 4, what is 211101 + -22?
211013
In base 6, what is -5 + 3241333?
3241324
In base 12, what is 114 + -48a0?
-4788
In base 2, what is -100 - 100011110101?
-100011111001
In base 16, what is 63ff - -1f?
641e
In base 8, what is -6461033 + 4?
-6461027
In base 4, what is -10021 - -1333?
-2022
In base 8, what is -1453 - 70?
-1543
In base 3, what is -201222101011 + -11?
-201222101022
In base 14, what is -118 + 9?
-10d
In base 12, what is -4 - -211524?
211520
In base 7, what is -25 + 4012004?
4011646
In base 12, what is -55b + 76?
-4a5
In base 6, what is -31 - 22102?
-22133
In base 8, what is -102211 - -2?
-102207
In base 2, what is 11000100011000 - 1001?
11000100001111
In base 5, what is 4424 + 14?
4443
In base 12, what is 12b14 + 4?
12b18
In base 15, what is 2a + 4b7?
4e2
In base 12, what is -1 - -1357?
1356
In base 10, what is -7008 + -49?
-7057
In base 12, what is -1b7 + 67?
-150
In base 3, what is 100 - -1112201?
1120001
In base 7, what is -33 - 25?
-61
In base 13, what is 5 + -922?
-91a
In base 11, what is -875 - -743?
-132
In base 11, what is -240 - 37?
-277
In base 15, what is 345d - 2?
345b
In base 16, what is -357 + 31b?
-3c
In base 11, what is -112 + -2495?
-25a7
In base 2, what is -1000011 + 100100101101101?
100100100101010
In base 12, what is 447b9 - -5?
44802
In base 3, what is -21011 + 1010102?
212021
In base 7, what is -1406 + -5124?
-6533
In base 6, what is -45 + 32152?
32103
In base 5, what is -2000 + 1020?
-430
In base 11, what is 926827 + -3?
926824
In base 10, what is -11022 + 9?
-11013
In base 13, what is 348 - -5?
350
In base 6, what is 0 - 24010343?
-24010343
In base 2, what is 1011 + 1011101100010010?
1011101100011101
In base 13, what is -2c5ca - 2?
-2c5cc
In base 5, what is -142 + -11044333?
-11100030
In base 2, what is -10 + -11011001100?
-11011001110
In base 10, what is 0 - -931097?
931097
In base 7, what is 151326 + -5?
151321
In base 16, what is -287e8 - -2?
-287e6
In base 3, what is 111122000202 - 1?
111122000201
In base 15, what is -375d + -5?
-3763
In base 16, what is -37a44 - 3?
-37a47
In base 14, what is 383 - -16a?
50d
In base 5, what is -430302204 + 1?
-430302203
In base 5, what is -1 - 3122302?
-3122303
In base 6, what is -2 - -1022242?
1022240
In base 5, what is 22104443 - -4?
22110002
In base 5, what is 2 - -31333111?
31333113
In base 8, what is 54602 + -37?
54543
In base 15, what is -44c2 - -5?
-44bc
In base 8, what is 3576 - 564?
3012
In base 13, what is 1 + -123969?
-123968
In base 10, what is -1502 - 12?
-1514
In base 6, what is -1 + -22534301?
-22534302
In base 5, what is -1 - -12342?
12341
In base 4, what is 12000 - 1011?
10323
In base 2, what is -1100 - -111111100011?
111111010111
In base 5, what is 20211 - -3112?
23323
In base 10, what is 79 + -3945?
-3866
In base 5, what is -4 - -132113?
132104
In base 9, what is 575845 - 2?
575843
In base 4, what is 3320032 + 220?
3320312
In base 4, what is -1203222021 + -2?
-1203222023
In base 5, what is -32 + 310423?
310341
In base 13, what is 406c0 + -2?
406bb
In base 14, what is -b2 - 9d4?
-aa6
In base 7, what is 11 + -6053?
-6042
In base 16, what is 7d + 1c?
99
In base 3, what is -211002010010 + 1?
-211002010002
In base 13, what is -1 - -748bb?
748ba
In base 11, what is -81 + -437?
-508
In base 3, what is 2101 - -121010?
200111
In base 7, what is 254361 + -22?
254336
In base 13, what is 28 - -1125?
1150
In base 7, what is 2544 - -5332?
11206
In base 12, what is -5766 - -3a?
-5728
In base 2, what is 11